{"id":2,"date":"2016-05-10T03:48:21","date_gmt":"2016-05-10T03:48:21","guid":{"rendered":"http:\/\/wp452m.a10-52-158-154.qa.plesk.ru\/wordpress\/?page_id=2"},"modified":"2016-12-21T12:23:16","modified_gmt":"2016-12-21T12:23:16","slug":"sample-page","status":"publish","type":"page","link":"https:\/\/eko-media.de\/?page_id=2","title":{"rendered":"Printdesign"},"content":{"rendered":"<h1><strong>PRINT DESIGN<\/strong><\/h1>\n<p>In vielen Betrieben wird die Werbung vernachl\u00e4ssigt und\/oder unprofessionell ausgef\u00fchrt. Schnelllebigen Flyern darf aber die kompetente Gestaltung nicht fehlen. Verzichten Sie also auf mit Word \u201eselbstgebastelte\u201c Werbeausdrucke. Mit professionellem Design und einem durchdachten Werbekonzept erzielen Sie bei Ihren Kunden einen professionellen Eindruck und erh\u00f6hen somit gezielt Ihre Werbewirksamkeit.<\/p>\n<h1><strong>LOGO CI<\/strong><\/h1>\n<p>Das Corporate Identity ist das Erscheinungsbild Ihres Unternehmens. Das CI muss einheitlich sein, damit die \u00d6ffentlichkeit und Ihre Zielgruppe Sie wieder erkennt. Meist ist es das Erste, was man von Ihrem Unternehmen zu Gesicht bekommt. F\u00fcr Sie eine gute Gelegenheit, Pluspunkte zu sammeln, denn der erste Eindruck z\u00e4hlt. F\u00fcr eine positive Wirkung nach au\u00dfen ist eine stilvolle Visitenkarte oder aussagekr\u00e4ftiges Briefpapier ein wichtiger Aspekt, denn alles was Ihr Haus verl\u00e4sst, hinterl\u00e4sst beim Betrachter einen Einblick in Ihr Unternehmen.<br \/>\nWir beraten Sie gerne bei der Gestaltung und der Papierwahl.<\/p>\n<h2><strong>Bros\u00fcre, Plakate, Flyer<\/strong><\/h2>\n<p>In vielen Betrieben wird die Werbung vernachl\u00e4ssigt und\/oder unprofessionell ausgef\u00fchrt. Schnelllebigen Flyern darf aber die kompetente Gestaltung nicht fehlen. Verzichten Sie also auf mit Word \u201eselbstgebastelte\u201c Werbeausdrucke. Mit professionellem Design und einem durchdachten Werbekonzept erzielen Sie bei Ihren Kunden einen professionellen Eindruck und erh\u00f6hen somit gezielt Ihre Werbewirksamkeit.<\/p>\n<p>Illustrationen vereinen ein H\u00f6chstmal an k\u00fcnstlerischem Anspruch und sind in der Lage, komplexeste Sachverhalte mit allen Mitteln der bildgebenden Technik zu visualisieren, um so auch schwierigste Themen schnell und verst\u00e4ndlich zu machen, wie z. B. medizinische oder technische Illustrationen. F\u00fcr alle Ihre Produkte entwickeln und gestalten wir neue Verpackungslinien.<\/p>\n<p>Von neuartigen Anh\u00e4ngern f\u00fcr die Artikel und Marketingsicherung bis hin zu verbesserten Warenpr\u00e4sentationen sind wir f\u00fcr unsere Kunden bem\u00fcht, gute L\u00f6sungen stetig zu verbessern und neue Ans\u00e4tze zu finden.<\/p>\n","protected":false},"excerpt":{"rendered":"<p>PRINT DESIGN In vielen Betrieben wird die Werbung vernachl\u00e4ssigt und\/oder unprofessionell ausgef\u00fchrt. Schnelllebigen Flyern darf aber die kompetente Gestaltung nicht fehlen. Verzichten Sie also auf mit Word \u201eselbstgebastelte\u201c Werbeausdrucke. Mit professionellem Design und einem durchdachten Werbekonzept erzielen Sie bei Ihren Kunden einen professionellen Eindruck und erh\u00f6hen somit gezielt Ihre Werbewirksamkeit. LOGO CI Das Corporate Identity [&hellip;]<\/p>\n","protected":false},"author":1,"featured_media":0,"parent":0,"menu_order":0,"comment_status":"closed","ping_status":"closed","template":"","meta":{"_et_pb_use_builder":"","_et_pb_old_content":"","_et_gb_content_width":""},"_links":{"self":[{"href":"https:\/\/eko-media.de\/index.php?rest_route=\/wp\/v2\/pages\/2"}],"collection":[{"href":"https:\/\/eko-media.de\/index.php?rest_route=\/wp\/v2\/pages"}],"about":[{"href":"https:\/\/eko-media.de\/index.php?rest_route=\/wp\/v2\/types\/page"}],"author":[{"embeddable":true,"href":"https:\/\/eko-media.de\/index.php?rest_route=\/wp\/v2\/users\/1"}],"replies":[{"embeddable":true,"href":"https:\/\/eko-media.de\/index.php?rest_route=%2Fwp%2Fv2%2Fcomments&post=2"}],"version-history":[{"count":6,"href":"https:\/\/eko-media.de\/index.php?rest_route=\/wp\/v2\/pages\/2\/revisions"}],"predecessor-version":[{"id":234,"href":"https:\/\/eko-media.de\/index.php?rest_route=\/wp\/v2\/pages\/2\/revisions\/234"}],"wp:attachment":[{"href":"https:\/\/eko-media.de\/index.php?rest_route=%2Fwp%2Fv2%2Fmedia&parent=2"}],"curies":[{"name":"wp","href":"https:\/\/api.w.org\/{rel}","templated":true}]}}